{"id":11,"date":"2015-03-21T11:27:59","date_gmt":"2015-03-21T09:27:59","guid":{"rendered":"http:\/\/lq.kunstundwohnen.de\/wordpress\/?page_id=11"},"modified":"2025-02-28T16:03:50","modified_gmt":"2025-02-28T14:03:50","slug":"26-50","status":"publish","type":"page","link":"http:\/\/www.literarisches-quartett-tuebingen.de\/?page_id=11","title":{"rendered":"Chronologisch 2000 &#8211; 2004"},"content":{"rendered":"<table style=\"height: 986px; width: 119.007%;\">\n<tbody>\n<tr>\n<td style=\"width: 4.62329%;\">26<\/td>\n<td style=\"width: 22.4314%;\">G\u00fcnter Grass<\/td>\n<td style=\"width: 41.7809%;\"><a href=\"http:\/\/www.literarisches-quartett-tuebingen.de\/?p=2055\"><strong><em>\u00d6rtlich bet\u00e4ubt<\/em><\/strong><\/a><\/td>\n<td style=\"width: 5.30822%;\"><\/td>\n<td style=\"width: 5.30822%;\"><\/td>\n<td style=\"width: 5.30822%;\"><\/td>\n<td style=\"width: 5.30822%;\"><\/td>\n<td style=\"width: 1.71233%;\"><\/td>\n<td style=\"width: 8.39041%;\"><\/td>\n<\/tr>\n<tr>\n<td style=\"width: 4.62329%;\">27<\/td>\n<td style=\"width: 22.4314%;\">S\u00e1ndor M\u00e1rai<\/td>\n<td style=\"width: 41.7809%;\"><a href=\"http:\/\/www.literarisches-quartett-tuebingen.de\/?p=2051\"><strong><em>Die Glut<\/em><\/strong><\/a><\/td>\n<td style=\"width: 5.30822%;\"><\/td>\n<td style=\"width: 5.30822%;\"><\/td>\n<td style=\"width: 5.30822%;\"><\/td>\n<td style=\"width: 5.30822%;\"><\/td>\n<td style=\"width: 1.71233%;\"><\/td>\n<td style=\"width: 8.39041%;\"><\/td>\n<\/tr>\n<tr>\n<td style=\"width: 4.62329%;\">28<\/td>\n<td style=\"width: 22.4314%;\">Birgit Vanderbeke<\/td>\n<td style=\"width: 41.7809%;\"><a href=\"http:\/\/www.literarisches-quartett-tuebingen.de\/?p=2046\"><strong><em>Alberta empf\u00e4ngt einen Liebhaber<\/em><\/strong><\/a><\/td>\n<td style=\"width: 5.30822%;\"><\/td>\n<td style=\"width: 5.30822%;\"><\/td>\n<td style=\"width: 5.30822%;\"><\/td>\n<td style=\"width: 5.30822%;\"><\/td>\n<td style=\"width: 1.71233%;\"><\/td>\n<td style=\"width: 8.39041%;\"><\/td>\n<\/tr>\n<tr>\n<td style=\"width: 4.62329%;\">29<\/td>\n<td style=\"width: 22.4314%;\">Luigi Malerba<\/td>\n<td style=\"width: 41.7809%;\"><a href=\"http:\/\/www.literarisches-quartett-tuebingen.de\/?p=2063\"><strong><em>Die nackten Masken<\/em><\/strong><\/a><\/td>\n<td style=\"width: 5.30822%;\"><\/td>\n<td style=\"width: 5.30822%;\"><\/td>\n<td style=\"width: 5.30822%;\"><\/td>\n<td style=\"width: 5.30822%;\"><\/td>\n<td style=\"width: 1.71233%;\"><\/td>\n<td style=\"width: 8.39041%;\"><\/td>\n<\/tr>\n<tr>\n<td style=\"width: 4.62329%;\">30<\/td>\n<td style=\"width: 22.4314%;\">Michel Houllebecq<\/td>\n<td style=\"width: 41.7809%;\"><a href=\"http:\/\/www.literarisches-quartett-tuebingen.de\/?p=2059\"><strong><em>Elementarteilchen<\/em><\/strong><\/a><\/td>\n<td style=\"width: 5.30822%; text-align: center; vertical-align: middle;\">2\/3<\/td>\n<td style=\"width: 5.30822%; text-align: center; vertical-align: middle;\">2<\/td>\n<td style=\"width: 5.30822%; text-align: center;\">1\/2<\/td>\n<td style=\"width: 5.30822%; text-align: center; vertical-align: middle;\" scope=\"col\">1\/2<\/td>\n<td style=\"width: 1.71233%;\"><\/td>\n<td style=\"width: 8.39041%;\"><em>(1,88)<\/em><\/td>\n<\/tr>\n<tr>\n<td style=\"width: 4.62329%;\">31<\/td>\n<td style=\"width: 22.4314%;\">Paul Auster<\/td>\n<td style=\"width: 41.7809%;\"><a href=\"http:\/\/www.literarisches-quartett-tuebingen.de\/?p=1941\"><strong><em>Im Land der letzten Dinge<\/em><\/strong><\/a><\/td>\n<td style=\"width: 5.30822%;\">3\u2013<\/td>\n<td style=\"width: 5.30822%;\">2\/3<\/td>\n<td style=\"width: 5.30822%;\">2<\/td>\n<td style=\"width: 5.30822%;\">2<\/td>\n<td style=\"width: 1.71233%;\"><\/td>\n<td style=\"width: 8.39041%;\"><em>(2,44)<\/em><\/td>\n<\/tr>\n<tr>\n<td style=\"width: 4.62329%;\">32<\/td>\n<td style=\"width: 22.4314%;\">Haruki Murakami<\/td>\n<td style=\"width: 41.7809%;\"><a href=\"http:\/\/www.literarisches-quartett-tuebingen.de\/?p=1633\"><strong><em>Gef\u00e4hrliche Geliebte<\/em><\/strong><\/a><\/td>\n<td style=\"width: 5.30822%;\">2\u2013<\/td>\n<td style=\"width: 5.30822%;\">2\u2013<\/td>\n<td style=\"width: 5.30822%;\">3\u2013<\/td>\n<td style=\"width: 5.30822%;\">3<\/td>\n<td style=\"width: 1.71233%;\"><\/td>\n<td style=\"width: 8.39041%;\"><em>(2,68)<\/em><\/td>\n<\/tr>\n<tr>\n<td style=\"width: 4.62329%;\">33<\/td>\n<td style=\"width: 22.4314%;\">Karl-Heinz Ott<\/td>\n<td style=\"width: 41.7809%;\"><a title=\"Karl-Heinz Ott \u2013 Ins Offene\" href=\"http:\/\/lq.kunstundwohnen.de\/wordpress\/?p=172\"><strong><em>Ins Offene<\/em><\/strong><\/a><\/td>\n<td style=\"width: 5.30822%;\">2\/3<\/td>\n<td style=\"width: 5.30822%;\">2+<\/td>\n<td style=\"width: 5.30822%;\">1\/2<\/td>\n<td style=\"width: 5.30822%;\">1\/2<\/td>\n<td style=\"width: 1.71233%;\"><\/td>\n<td style=\"width: 8.39041%;\"><em>(1,81)<\/em><\/td>\n<\/tr>\n<tr>\n<td style=\"width: 4.62329%;\">34<\/td>\n<td style=\"width: 22.4314%;\">Martin Suter<\/td>\n<td style=\"width: 41.7809%;\"><a href=\"http:\/\/www.literarisches-quartett-tuebingen.de\/?p=1998\"><strong><em>Small World<\/em><\/strong><\/a><\/td>\n<td style=\"width: 5.30822%;\">2+<\/td>\n<td style=\"width: 5.30822%;\">2\/3<\/td>\n<td style=\"width: 5.30822%;\">2\/3<\/td>\n<td style=\"width: 5.30822%;\">3<\/td>\n<td style=\"width: 1.71233%;\"><\/td>\n<td style=\"width: 8.39041%;\"><em>(2,44)<\/em><\/td>\n<\/tr>\n<tr>\n<td style=\"width: 4.62329%;\">35<\/td>\n<td style=\"width: 22.4314%;\">W.Genazino<\/td>\n<td style=\"width: 41.7809%;\"><a href=\"http:\/\/www.literarisches-quartett-tuebingen.de\/?p=1886\"><strong><em>Ein Regenschirm f\u00fcr diesen Tag<\/em><\/strong><\/a><\/td>\n<td style=\"width: 5.30822%;\">3<\/td>\n<td style=\"width: 5.30822%;\">1\/2<\/td>\n<td style=\"width: 5.30822%;\">1\/2<\/td>\n<td style=\"width: 5.30822%;\">1\/2<\/td>\n<td style=\"width: 1.71233%;\"><\/td>\n<td style=\"width: 8.39041%;\"><em>(1,88)<\/em><\/td>\n<\/tr>\n<tr>\n<td style=\"width: 4.62329%;\">36<\/td>\n<td style=\"width: 22.4314%;\">Florian Illies<\/td>\n<td style=\"width: 41.7809%;\"><strong><em>Generation Golf<\/em><\/strong><\/td>\n<td style=\"width: 5.30822%;\">2<\/td>\n<td style=\"width: 5.30822%;\">1\/2<\/td>\n<td style=\"width: 5.30822%;\">1\/2<\/td>\n<td style=\"width: 5.30822%;\">1\/2<\/td>\n<td style=\"width: 1.71233%;\"><\/td>\n<td style=\"width: 8.39041%;\"><em>(1,63)<\/em><\/td>\n<\/tr>\n<tr>\n<td style=\"width: 4.62329%;\">37<\/td>\n<td style=\"width: 22.4314%;\">Uwe Timm<\/td>\n<td style=\"width: 41.7809%;\"><a href=\"http:\/\/www.literarisches-quartett-tuebingen.de\/?p=1218\"><strong><em>Rot<\/em><\/strong><\/a><\/td>\n<td style=\"width: 5.30822%;\">2\u2013<\/td>\n<td style=\"width: 5.30822%;\">3<\/td>\n<td style=\"width: 5.30822%;\">2\u2013<\/td>\n<td style=\"width: 5.30822%;\">2\/3<\/td>\n<td style=\"width: 1.71233%;\"><\/td>\n<td style=\"width: 8.39041%;\"><em>(2,50)<\/em><\/td>\n<\/tr>\n<tr>\n<td style=\"width: 4.62329%;\">38<\/td>\n<td style=\"width: 22.4314%;\">F.M.Dostojewskij<\/td>\n<td style=\"width: 41.7809%;\"><a href=\"http:\/\/www.literarisches-quartett-tuebingen.de\/?p=2071\"><strong><em>Der Spieler<\/em><\/strong><\/a><\/td>\n<td style=\"width: 5.30822%;\">3\u2013<\/td>\n<td style=\"width: 5.30822%;\">2\/3<\/td>\n<td style=\"width: 5.30822%;\">3\/4<\/td>\n<td style=\"width: 5.30822%;\">3+<\/td>\n<td style=\"width: 1.71233%;\"><\/td>\n<td style=\"width: 8.39041%;\"><em>(2,75)<\/em><\/td>\n<\/tr>\n<tr>\n<td style=\"width: 4.62329%;\">39<\/td>\n<td style=\"width: 22.4314%;\">Martin Walser<\/td>\n<td style=\"width: 41.7809%;\"><a href=\"http:\/\/www.literarisches-quartett-tuebingen.de\/?p=1697\"><strong><em>Tod eines Kritikers<\/em><\/strong><\/a><\/td>\n<td style=\"width: 5.30822%;\">4<\/td>\n<td style=\"width: 5.30822%;\">2<\/td>\n<td style=\"width: 5.30822%;\">4+<\/td>\n<td style=\"width: 5.30822%;\">3\u2013<\/td>\n<td style=\"width: 1.71233%;\"><\/td>\n<td style=\"width: 8.39041%;\"><em>(3,25)<\/em><\/td>\n<\/tr>\n<tr>\n<td style=\"width: 4.62329%;\">40<\/td>\n<td style=\"width: 22.4314%;\">Paulo Coelho<\/td>\n<td style=\"width: 41.7809%;\"><a href=\"http:\/\/www.literarisches-quartett-tuebingen.de\/?p=1720\"><strong><em>Der Alchimist<\/em><\/strong><\/a><\/td>\n<td style=\"width: 5.30822%;\">4<\/td>\n<td style=\"width: 5.30822%;\">4+<\/td>\n<td style=\"width: 5.30822%;\">3\/4<\/td>\n<td style=\"width: 5.30822%;\">4<\/td>\n<td style=\"width: 1.71233%;\"><\/td>\n<td style=\"width: 8.39041%;\"><em>(3,81)<\/em><\/td>\n<\/tr>\n<tr>\n<td style=\"width: 4.62329%;\">41<\/td>\n<td style=\"width: 22.4314%;\">Zsuzsa B\u00e1nk<\/td>\n<td style=\"width: 41.7809%;\"><a title=\"Zsuzsa Bank \u2013 Der Schwimmer\" href=\"http:\/\/lq.kunstundwohnen.de\/wordpress\/?p=174\"><strong><em>Der Schwimmer<\/em><\/strong><\/a><\/td>\n<td style=\"width: 5.30822%;\">1\u2013<\/td>\n<td style=\"width: 5.30822%;\">2\u2013<\/td>\n<td style=\"width: 5.30822%;\">1\/2<\/td>\n<td style=\"width: 5.30822%;\">2+<\/td>\n<td style=\"width: 1.71233%;\"><\/td>\n<td style=\"width: 8.39041%;\"><em>(1,69)<\/em><\/td>\n<\/tr>\n<tr>\n<td style=\"width: 4.62329%;\">42<\/td>\n<td style=\"width: 22.4314%;\">Judith Hermann<\/td>\n<td style=\"width: 41.7809%;\"><a href=\"http:\/\/www.literarisches-quartett-tuebingen.de\/?p=1821\"><strong><em>Sommerhaus, sp\u00e4ter<\/em><\/strong><\/a><\/td>\n<td style=\"width: 5.30822%;\">2\u2013<\/td>\n<td style=\"width: 5.30822%;\">2\/3<\/td>\n<td style=\"width: 5.30822%;\">2+<\/td>\n<td style=\"width: 5.30822%;\">2<\/td>\n<td style=\"width: 1.71233%;\"><\/td>\n<td style=\"width: 8.39041%;\"><em>(2,13)<\/em><\/td>\n<\/tr>\n<tr>\n<td style=\"width: 4.62329%;\">43<\/td>\n<td style=\"width: 22.4314%;\">Antonio Sk\u00e1rmeta<\/td>\n<td style=\"width: 41.7809%;\"><a title=\"Antonio Sk\u00e1rmeta \u2013 Mit brennender Geduld\" href=\"http:\/\/lq.kunstundwohnen.de\/wordpress\/?p=167\"><strong><em>Mit brennender Geduld<\/em><\/strong><\/a><\/td>\n<td style=\"width: 5.30822%;\">1<\/td>\n<td style=\"width: 5.30822%;\">1<\/td>\n<td style=\"width: 5.30822%;\">1\/2<\/td>\n<td style=\"width: 5.30822%;\">1\u2013<\/td>\n<td style=\"width: 1.71233%;\"><\/td>\n<td style=\"width: 8.39041%;\"><em>(1,19)<\/em><\/td>\n<\/tr>\n<tr>\n<td style=\"width: 4.62329%;\">44<\/td>\n<td style=\"width: 22.4314%;\">Viviane Forrester<\/td>\n<td style=\"width: 41.7809%;\"><a href=\"http:\/\/www.literarisches-quartett-tuebingen.de\/?p=2075\"><strong><em>Der Terror der \u00d6konomie<\/em><\/strong><\/a><\/td>\n<td style=\"width: 5.30822%;\">6<\/td>\n<td style=\"width: 5.30822%;\">4<\/td>\n<td style=\"width: 5.30822%;\">4<\/td>\n<td style=\"width: 5.30822%;\">4\/5<\/td>\n<td style=\"width: 1.71233%;\"><\/td>\n<td style=\"width: 8.39041%;\"><em>(4,63)<\/em><\/td>\n<\/tr>\n<tr>\n<td style=\"width: 4.62329%;\">45<\/td>\n<td style=\"width: 22.4314%;\">M.Frederiksson<\/td>\n<td style=\"width: 41.7809%;\"><a href=\"http:\/\/www.literarisches-quartett-tuebingen.de\/?p=2079\"><strong><em>Eva<\/em><\/strong><\/a><\/td>\n<td style=\"width: 5.30822%;\">4<\/td>\n<td style=\"width: 5.30822%;\">5\/6<\/td>\n<td style=\"width: 5.30822%;\">4+<\/td>\n<td style=\"width: 5.30822%;\">5\/6<\/td>\n<td style=\"width: 1.71233%;\"><\/td>\n<td style=\"width: 8.39041%;\"><em>(4,69)<\/em><\/td>\n<\/tr>\n<tr>\n<td style=\"width: 4.62329%;\">46<\/td>\n<td style=\"width: 22.4314%;\">F.Nietzsche<\/td>\n<td style=\"width: 41.7809%;\"><strong><em>Also sprach Zarathustra<\/em><\/strong><\/td>\n<td style=\"width: 5.30822%;\"><\/td>\n<td style=\"width: 5.30822%;\"><\/td>\n<td style=\"width: 5.30822%;\"><\/td>\n<td style=\"width: 5.30822%;\"><\/td>\n<td style=\"width: 1.71233%;\"><\/td>\n<td style=\"width: 8.39041%;\"><\/td>\n<\/tr>\n<tr>\n<td style=\"width: 4.62329%;\">47<\/td>\n<td style=\"width: 22.4314%;\">Irvin D. Yalom<\/td>\n<td style=\"width: 41.7809%;\"><a title=\"Irvin D. Yalom \u2013 Und Nietzsche weinte\" href=\"http:\/\/lq.kunstundwohnen.de\/wordpress\/?p=179\"><strong><em>Und Nietzsche weinte<\/em><\/strong><\/a><\/td>\n<td style=\"width: 5.30822%;\">1<\/td>\n<td style=\"width: 5.30822%;\">1<\/td>\n<td style=\"width: 5.30822%;\">2<\/td>\n<td style=\"width: 5.30822%;\">1<\/td>\n<td style=\"width: 1.71233%;\"><\/td>\n<td style=\"width: 8.39041%;\"><em>(1,25)<\/em><\/td>\n<\/tr>\n<tr>\n<td style=\"width: 4.62329%;\">48<\/td>\n<td style=\"width: 22.4314%;\">Yasmina Khadra<\/td>\n<td style=\"width: 41.7809%;\"><a href=\"http:\/\/www.literarisches-quartett-tuebingen.de\/?p=1973\"><strong><em>Die Schwalben von Kabul<\/em><\/strong><\/a><\/td>\n<td style=\"width: 5.30822%;\">3\/4<\/td>\n<td style=\"width: 5.30822%;\">4\u2013<\/td>\n<td style=\"width: 5.30822%;\">2\/3<\/td>\n<td style=\"width: 5.30822%;\">2<\/td>\n<td style=\"width: 1.71233%;\"><\/td>\n<td style=\"width: 8.39041%;\"><em>(2,94)<\/em><\/td>\n<\/tr>\n<tr>\n<td style=\"width: 4.62329%;\">49<\/td>\n<td style=\"width: 22.4314%;\">Markus Werner<\/td>\n<td style=\"width: 41.7809%;\"><a title=\"Markus Werner \u2013 Am Hang\" href=\"http:\/\/lq.kunstundwohnen.de\/wordpress\/?p=184\"><strong><em>Am Hang<\/em><\/strong><\/a><\/td>\n<td style=\"width: 5.30822%;\">4+<\/td>\n<td style=\"width: 5.30822%;\">2+<\/td>\n<td style=\"width: 5.30822%;\">1\/2<\/td>\n<td style=\"width: 5.30822%;\">1\u2013<\/td>\n<td style=\"width: 1.71233%;\"><\/td>\n<td style=\"width: 8.39041%;\"><em>(2,06)<\/em><\/td>\n<\/tr>\n<tr>\n<td style=\"width: 4.62329%;\">50<\/td>\n<td style=\"width: 22.4314%;\">Lars Gustafson<\/td>\n<td style=\"width: 41.7809%;\"><a title=\"Lars Gustafson \u2013 Der Dekan\" href=\"http:\/\/lq.kunstundwohnen.de\/wordpress\/?p=188\"><strong><em>Der Dekan<\/em><\/strong><\/a><\/td>\n<td style=\"width: 5.30822%;\">4<\/td>\n<td style=\"width: 5.30822%;\">4<\/td>\n<td style=\"width: 5.30822%;\">3\u2013<\/td>\n<td style=\"width: 5.30822%;\">4\/5<\/td>\n<td style=\"width: 1.71233%;\"><\/td>\n<td style=\"width: 8.39041%;\"><em>(3,94)<\/em><\/td>\n<\/tr>\n<\/tbody>\n<\/table>\n","protected":false},"excerpt":{"rendered":"<p>26 G\u00fcnter Grass \u00d6rtlich bet\u00e4ubt 27 S\u00e1ndor M\u00e1rai Die Glut 28 Birgit Vanderbeke Alberta empf\u00e4ngt einen Liebhaber 29 Luigi Malerba Die nackten Masken 30 Michel Houllebecq Elementarteilchen 2\/3 2 1\/2 1\/2 (1,88) 31 Paul Auster Im Land der letzten Dinge &hellip; <a href=\"http:\/\/www.literarisches-quartett-tuebingen.de\/?page_id=11\">Weiterlesen <span class=\"meta-nav\">&rarr;<\/span><\/a><\/p>\n","protected":false},"author":1,"featured_media":0,"parent":7,"menu_order":2,"comment_status":"closed","ping_status":"closed","template":"","meta":{"footnotes":""},"_links":{"self":[{"href":"http:\/\/www.literarisches-quartett-tuebingen.de\/index.php?rest_route=\/wp\/v2\/pages\/11"}],"collection":[{"href":"http:\/\/www.literarisches-quartett-tuebingen.de\/index.php?rest_route=\/wp\/v2\/pages"}],"about":[{"href":"http:\/\/www.literarisches-quartett-tuebingen.de\/index.php?rest_route=\/wp\/v2\/types\/page"}],"author":[{"embeddable":true,"href":"http:\/\/www.literarisches-quartett-tuebingen.de\/index.php?rest_route=\/wp\/v2\/users\/1"}],"replies":[{"embeddable":true,"href":"http:\/\/www.literarisches-quartett-tuebingen.de\/index.php?rest_route=%2Fwp%2Fv2%2Fcomments&post=11"}],"version-history":[{"count":35,"href":"http:\/\/www.literarisches-quartett-tuebingen.de\/index.php?rest_route=\/wp\/v2\/pages\/11\/revisions"}],"predecessor-version":[{"id":2082,"href":"http:\/\/www.literarisches-quartett-tuebingen.de\/index.php?rest_route=\/wp\/v2\/pages\/11\/revisions\/2082"}],"up":[{"embeddable":true,"href":"http:\/\/www.literarisches-quartett-tuebingen.de\/index.php?rest_route=\/wp\/v2\/pages\/7"}],"wp:attachment":[{"href":"http:\/\/www.literarisches-quartett-tuebingen.de\/index.php?rest_route=%2Fwp%2Fv2%2Fmedia&parent=11"}],"curies":[{"name":"wp","href":"https:\/\/api.w.org\/{rel}","templated":true}]}}